
-7a94
In base 9, what is 3 - -1186265?
1186268
In base 13, what is 7776a7 - 0?
7776a7
In base 10, what is -279 - 75?
-354
In base 6, what is 5 + 320503?
320512
In base 8, what is -431 - -6137?
5506
In base 12, what is a6a - -4?
a72
In base 15, what is 45a0 + 5?
45a5
In base 5, what is -3 - 103020?
-103023
In base 14, what is -2 - 12232?
-12234
In base 12, what is 186 + 1175?
133b
In base 8, what is -610503 + 2?
-610501
In base 13, what is -609b55 + 3?
-609b52
In base 12, what is 34 + -ab6?
-a82
In base 12, what is -6a317 + 4?
-6a313
In base 9, what is 5035 - 28?
5006
In base 10, what is -2 + -9762?
-9764
In base 15, what is 1ecdd - -c?
1ecea
In base 6, what is 4 - -4054?
4102
In base 3, what is 1210010 + -212111?
220122
In base 4, what is -10111113 - -102?
-10111011
In base 5, what is -10 - -313104?
313044
In base 15, what is 13 + 58e?
5a2
In base 5, what is 4232 + -2011?
2221
In base 7, what is 2364 - 243?
2121
In base 12, what is 44 - -2907?
294b
In base 10, what is 2430741 - -4?
2430745
In base 3, what is -112100 + 102?
-111221
In base 9, what is -1128 + -1002?
-2131
In base 14, what is -19b5 + 166?
-184d
In base 2, what is -100100011000 - 110?
-100100011110
In base 2, what is 100 + 10000010101111101111?
10000010101111110011
In base 15, what is 1b36e - 3?
1b36b
In base 4, what is 11 - -33323303?
33323320
In base 7, what is 3256 - -114?
3403
In base 3, what is -11002110 + -1?
-11002111
In base 14, what is 2 + 58b1?
58b3
In base 8, what is 34530 - 4?
34524
In base 15, what is d69e - -5?
d6a4
In base 9, what is -14551 - -5?
-14545
In base 4, what is -11200 + -102201?
-120001
In base 13, what is -c0a3 - 0?
-c0a3
In base 11, what is 19a6423 + -5?
19a6419
In base 16, what is 1b3 - -8a?
23d
In base 14, what is -1b + 711?
6d4
In base 16, what is 4223 + -4?
421f
In base 12, what is 25a6 - 13?
2593
In base 15, what is 178a - -1?
178b
In base 13, what is -156 - -19bb?
1865
In base 11, what is 5 + 13612?
13617
In base 10, what is -4 - 82704?
-82708
In base 4, what is -30003210 - 10?
-30003220
In base 16, what is -5a273 + -3?
-5a276
In base 15, what is 8 - a5b2?
-a5a9
In base 7, what is 45 - 32216?
-32141
In base 15, what is -43d63 - -4?
-43d5e
In base 3, what is 121 - -12012000210?
12012001101
In base 3, what is -121121022 - 10120?
-121201212
In base 11, what is -22506 + 1a?
-22497
In base 14, what is -73992 + 1?
-73991
In base 8, what is 13167 + 54?
13243
In base 6, what is 12 - 11323?
-11311
In base 9, what is 1 - -8367?
8368
In base 16, what is 1d + -ff27?
-ff0a
In base 14, what is -4c62 + -1?
-4c63
In base 2, what is 10011 + 10001101010010?
10001101100101
In base 10, what is -170878 - 0?
-170878
In base 11, what is 1 + 76883?
76884
In base 12, what is 8 + 9848b?
98497
In base 7, what is 5 - -3666013?
3666021
In base 7, what is 110443 + 212?
110655
In base 5, what is 214 - -10224?
10443
In base 12, what is 14209 - 3?
14206
In base 14, what is 6b64b + -1?
6b64a
In base 5, what is -400 - 2244?
-3144
In base 3, what is -2 + -11010020?
-11010022
In base 14, what is 4dc3 + -52?
4d71
In base 8, what is -17 + 622?
603
In base 16, what is -2c8 - -1?
-2c7
In base 5, what is -12104 - -11?
-12043
In base 5, what is -22300201 - -10?
-22300141
In base 10, what is -1 - 85934?
-85935
In base 2, what is 100 - 101111010010?
-101111001110
In base 13, what is -3348 + 2?
-3346
In base 12, what is -7 - -171a?
1713
In base 7, what is -3 - 432402?
-432405
In base 5, what is -3 + -130020?
-130023
In base 11, what is -50a - -21?
-499
In base 5, what is 14043104 - 41?
14043013
In base 6, what is 22321 - 1?
22320
In base 12, what is -75 + b79?
b04
In base 9, what is -140 + 14688?
14548
In base 6, what is -1101 + -3?
-1104
In base 6, what is -350 - 54340?
-55130
In base 7, what is 3103 + 5?
3111
In base 12, what is -1 - -a275?
a274
In base 5, what is 141142 + 2?
141144
In base 10, what is -17318 - -5?
-17313
In base 10, what is 949 - 4?
945
In base 12, what is 1b98a + 4?
1b992
In base 13, what is -183 - -4a9a?
4917
In base 13, what is 12 + -1317?
-1305
In base 5, what is -111 - 10413?
-11024
In base 16, what is -25c655 + 2?
-25c653
In base 2, what is -100 + -10001000110?
-10001001010
In base 2, what is 1010100 - -111100011?
1000110111
In base 8, what is 25 + 62144?
62171
In base 15, what is de19 - d?
de0b
In base 12, what is -5 - -16149?
16144
In base 9, what is -4 - 22633?
-22637
In base 15, what is 472 + -1b1?
2b1
In base 16, what is 68090a + 3?
68090d
In base 15, what is -38dc2 + 1?
-38dc1
In base 11, what is -aa - 1187?
-1286
In base 11, what is 1055 + -502?
653
In base 13, what is -32a + -455?
-782
In base 15, what is -455c - -d?
-454e
In base 6, what is -5 - 1044054?
-1044103
In base 5, what is 40 - -134233?
134323
In base 4, what is -1001332120 + -1?
-1001332121
In base 7, what is -244624 + -3?
-244630
In base 3, what is -1 + 1011022001020?
1011022001012
In base 7, what is -343 - -160314?
156641
In base 3, what is 12211121221 + -11?
12211121210
In base 14, what is 2152 + d7?
2249
In base 9, what is -26141 - 0?
-26141
In base 14, what is 3 + -436?
-433
In base 8, what is 4 - -270451?
270455
In base 4, what is -313 - -111233?
110320
In base 13, what is -9243 + -2?
-9245
In base 4, what is 10003 - 120320?
-110311
In base 2, what is 11101 - -1001010?
1100111
In base 12, what is 2195 - 2?
2193
In base 16, what is -8a + 98?
e
In base 11, what is -3 - -873?
870
In base 8, what is 227412 - -3?
227415
In base 16, what is 9548 + 3?
954b
In base 6, what is 0 + -2552501?
-2552501
In base 8, what is 206 - -135?
343
In base 4, what is 10 + 21303123?
21303133
In base 5, what is 10 - 10304402?
-10304342
In base 11, what is 7900a - -3?
79012
In base 11, what is -2 + 106779?
106777
In base 16, what is 5 + -56b0?
-56ab
In base 13, what is 126 - 1630?
-1507
In base 16, what is 10d78 + -5?
10d73
In base 11, what is 179 + 231a?
2498
In base 6, what is -104 + -1023?
-1131
In base 12, what is -3b97 + 7?
-3b90
In base 15, what is 1 + -18d313?
-18d312
In base 7, what is -1 - 3646?
-3650
In base 2, what is 1 + 11000000101111000011?
11000000101111000100
In base 10, what is 0 - 349965?
-349965
In base 2, what is -1 - -1111111111001?
1111111111000
In base 11, what is a0 + 2487?
2577
In base 6, what is -12 + -15413?
-15425
In base 4, what is 2002030131 - 10?
2002030121
In base 7, what is -100412 - -65?
-100314
In base 3, what is -1200202121 - 1?
-1200202122
In base 13, what is 9 - -c68b9?
c68c5
In base 6, what is -1502505 + 25?
-1502440
In base 8, what is 204441 + 14?
204455
In base 9, what is 1158 + 1382?
2551
In base 7, what is 545 + -12121?
-11243
In base 2, what is 1010100101 - -11101010010?
100111110111
In base 14, what is -dd - -414?
315
In base 10, what is -417 - 806?
-1223
In base 16, what is -e + -1a64?
-1a72
In base 5, what is 231 + 3021?
3302
In base 2, what is 100 + 10000100011101?
10000100100001
In base 10, what is 66 + -25409?
-25343
In base 15, what is 61 + 17e7?
1858
In base 15, what is 4 - -458d?
4592
In base 13, what is 2 + 450b?
4510
In base 15, what is 1b - -823?
83e
In base 7, what is -1 + 242605?
242604
In base 6, what is -551324 - -5?
-551315
In base 8, what is 0 + -437006?
-437006
In base 2, what is -10001011010011010 + 11?
-10001011010010111
In base 9, what is 20 + 162777?
162807
In base 8, what is -11567 + 271?
-11276
In base 7, what is -2365 - 36?
-2434
In base 3, what is -122210 + 1110?
-121100
In base 14, what is 199 - 196?
3
In base 5, what is -11 - -4032410?
4032344
In base 4, what is -230010 - 31?
-230101
In base 16, what is -1 - -49993?
49992
In base 4, what is -21210321 - -3?
-21210312
In base 3, what is -1001210111 - 12?
-1001210200
In base 16, what is -93 - 3af?
-442
In base 10, what is -3 - 25092?
-25095
In base 8, what is 3726 + 22?
3750
In base 15, what is 158 - -ba?
223
In base 7, what is -243 - -12131?
11555
In base 3, what is 2 + -111122201?
-111122122
In base 12, what is 5 - 22b26?
-22b21
In base 6, what is -423340 + 1?
-423335
In base 2, what is 0 + -10011110010000?
-10011110010000
In base 8, what is -7 - 1104157?
-1104166
In base 10, what is 121 - 279?
-158
In base 16, what is -2413a + 0?
-2413a
In base 11, what is 24777 - 2?
24775
In base 3, what is 20 + -22200012101?
-22200012011
In base 12, what is 1027 + 76?
10a1
In base 14, what is 70a2 - 6?
709